base 12
616
Convert a52 (base 15) to base 10.
2327
-3063 (base 10) to base 11
-2335
Convert 827 (base 16) to base 10.
2087
What is b3d (base 15) in base 12?
1571
Convert 2891 (base 16) to base 14.
3adb
-112220 (base 3) to base 15
-1bc
Convert -1165 (base 11) to base 6.
-11015
401 (base 15) to base 3
1020101
What is -6 (base 9) in base 12?
-6
Convert -29c (base 14) to base 7.
-1355
Convert -17101 (base 11) to base 16.
-5e10
12010 (base 5) to base 8
1560
9b5 (base 13) to base 6
11421
5ea5 (base 16) to base 3
1020020101
What is 11100101111010 (base 2) in base 8?
34572
What is -24644 (base 7) in base 15?
-1dd5
Convert -6071 (base 8) to base 15.
-dd9
What is 2572 (base 15) in base 3?
101221122
23642 (base 8) to base 15
3016
What is 175 (base 9) in base 11?
126
What is 23880 (base 9) in base 15?
4b39
What is -1222 (base 3) in base 9?
-58
What is -263504 (base 7) in base 2?
-1100000010010010
Convert 20 (base 8) to base 9.
17
-1601 (base 14) to base 7
-14301
What is -7b74 (base 15) in base 2?
-110011001100001
What is 1403 (base 5) in base 8?
344
What is -11343 (base 5) in base 2?
-1101010000
What is -1661 (base 10) in base 4?
-121331
What is -5b6 (base 16) in base 7?
-4156
259 (base 13) to base 10
412
Convert -2421 (base 13) to base 14.
-1c01
Convert -156 (base 14) to base 16.
-110
-1580 (base 11) to base 2
-11111101000
Convert 302 (base 10) to base 15.
152
What is -2645 (base 9) in base 3?
-2201112
What is -5a7 (base 11) in base 16?
-2d2
What is -31340 (base 8) in base 12?
-7654
Convert 1000111101101011 (base 2) to base 4.
20331223
Convert -3054 (base 8) to base 3.
-2011112
34131 (base 7) to base 3
102212020
What is -134 (base 10) in base 3?
-11222
What is 462526 (base 7) in base 15?
1970a
Convert 455 (base 13) to base 16.
2ea
-342 (base 16) to base 11
-699
-217 (base 13) to base 4
-11212
1601 (base 7) to base 16
27e
Convert 4865 (base 12) to base 5.
230031
Convert -2120 (base 8) to base 2.
-10001010000
Convert dc (base 16) to base 5.
1340
Convert -b67 (base 15) to base 12.
-15a4
What is 110101110001 (base 2) in base 13?
1749
-aaa0 (base 11) to base 9
-22055
What is 3353 (base 8) in base 2?
11011101011
What is 405210 (base 7) in base 3?
10111201100
What is 362 (base 11) in base 6?
1555
What is -b8 (base 13) in base 6?
-411
Convert 3d6 (base 15) to base 11.
727
What is 3b12 (base 14) in base 8?
24244
What is 13322 (base 4) in base 9?
622
What is -212 (base 6) in base 8?
-120
Convert 89 (base 12) to base 3.
10220
What is 35 (base 11) in base 8?
46
Convert -191 (base 15) to base 7.
-1024
What is -781 (base 10) in base 9?
-1057
What is 100134 (base 5) in base 12?
1a01
-1044122 (base 5) to base 6
-222222
Convert 26853 (base 9) to base 11.
12739
8708 (base 14) to base 13
a80a
What is -44661 (base 7) in base 4?
-2300301
Convert 2362 (base 9) to base 3.
2102002
1202 (base 4) to base 7
200
2653 (base 8) to base 12
a0b
-419 (base 10) to base 15
-1ce
8b2 (base 14) to base 16
6bc
What is 283 (base 12) in base 3?
112100
-415 (base 7) to base 13
-130
566 (base 11) to base 4
22211
Convert a51 (base 11) to base 8.
2362
Convert -16002 (base 7) to base 14.
-18a9
22020 (base 3) to base 6
1010
-3323 (base 7) to base 2
-10010101001
Convert -24414 (base 6) to base 10.
-3610
What is 112011 (base 3) in base 12?
27a
What is -122200200 (base 3) in base 15?
-3c4c
What is -1231 (base 4) in base 15?
-74
Convert -714 (base 8) to base 2.
-111001100
Convert -e10 (base 15) to base 5.
-100130
Convert 130030 (base 4) to base 11.
13a0
Convert 877 (base 12) to base 10.
1243
Convert -4244 (base 5) to base 2.
-1000111110
Convert 353 (base 7) to base 11.
159
-288 (base 10) to base 12
-200
What is -252 (base 8) in base 12?
-122
1000101100 (base 2) to base 11
466
577 (base 14) to base 3
1111012
What is 21205 (base 7) in base 8?
12200
35124 (base 6) to base 2
1001110011100
1231233 (base 4) to base 5
211043
Convert -11111313 (base 4) to base 5.
-1200004
Convert -7a7 (base 14) to base 13.
-8cb
Convert 10001000001 (base 2) to base 12.
769
-101101111 (base 2) to base 14
-1c3
a87d (base 15) to base 3
1210221001
Convert 105222 (base 7) to base 16.
48cc
-21133 (base 4) to base 15
-2a7
-11602 (base 8) to base 10
-4994
-6e0 (base 16) to base 13
-a55
What is -703 (base 8) in base 10?
-451
Convert -364 (base 16) to base 11.
-71a
Convert 52011 (base 6) to base 12.
4007
What is -12e8 (base 15) in base 12?
-240b
Convert -1009 (base 15) to base 7.
-12603
What is -236 (base 7) in base 2?
-1111101
What is 1b4 (base 14) in base 12?
256
What is 20311 (base 4) in base 5?
4230
What is 1114 (base 6) in base 4?
10012
-c331 (base 13) to base 14
-9b43
What is -2525 (base 8) in base 2?
-10101010101
What is -1001020 (base 3) in base 16?
-2fa
Convert 1781 (base 11) to base 2.
100011011011
Convert 12747 (base 10) to base 8.
30713
2593 (base 13) to base 10
5359
110311 (base 4) to base 5
20313
-13300 (base 4) to base 13
-2c2
Convert -111011000 (base 2) to base 14.
-25a
Convert 161 (base 15) to base 8.
474
What is 13 (base 11) in base 7?
20
324 (base 12) to base 10
460
What is 12241 (base 5) in base 15?
431
What is -1a482 (base 12) in base 5?
-2214230
What is 533 (base 10) in base 4?
20111
Convert -133 (base 5) to base 15.
-2d
-18e (base 16) to base 15
-1b8
-1320020 (base 4) to base 2
-1111000001000
What is 1b5 (base 13) in base 16?
13d
What is -12320222 (base 4) in base 8?
-67052
2b87 (base 12) to base 2
1010000010111
-152 (base 8) to base 13
-82
-b5 (base 13) to base 7
-301
Convert 1202011 (base 3) to base 12.
8a1
-101001111100000 (base 2) to base 12
-10514
Convert 224503 (base 8) to base 11.
521a1
563 (base 13) to base 15
41b
-664 (base 7) to base 12
-244
What is 491f (base 16) in base 6?
222355
Convert -52c (base 13) to base 5.
-12013
What is 131c (base 14) in base 7?
12535
-1335 (base 6) to base 3
-110212
Convert 97 (base 13) to base 8.
174
Convert 40664 (base 9) to base 15.
7e0d
Convert d0 (base 14) to base 12.
132
21313000 (base 4) to base 13
154c6
What is -601 (base 13) in base 9?
-1347
513 (base 12) to base 6
3223
What is -531a (base 12) in base 7?
-35341
Convert -1079 (base 11) to base 16.
-589
33345 (base 10) to base 13
12240
Convert -cee6 (base 15) to base 14.
-11db4
Convert 1415 (base 10) to base 4.
112013
-72511 (base 9) to base 11
-32a05
99 (base 11) to base 9
130
What is -4121202 (base 5) in base 15?
-14d02
What is -5d2c (base 15) in base 12?
-b596
What is 2dbc (base 16) in base 11?
8884
Convert 443 (base 14) to base 16.
34b
What is -232333 (base 4) in base 3?
-11010101
What is -72504 (base 10) in base 8?
-215470
Convert -91 (base 10) to base 15.
-61
Convert 101100100 (base 2) to base 13.
215
What is -3322 (base 8) in base 14?
-8ca
-179b8 (base 13) to base 12
-22490
Convert -2b8 (base 12) to base 10.
-428
6a1 (base 14) to base 7
3561
Convert -e6a (base 15) to base 16.
-cb2
-37857 (base 9) to base 10
-25486
1132232 (base 6) to base 10
58844
-1000111001101 (base 2) to base 8
-10715
15405 (base 7) to base 10
4317
What is 101211002 (base 3) in base 9?
11732
What is -7426 (base 9) in base 14?
-1db5
Convert 3b64 (base 13) to base 7.
33606
Convert -110 (base 8) to base 4.
-1020
What is -170 (base 13) in base 2?
-100000100
-477 (base 11) to base 4
-20320
-55c (base 14) to base 11
-886
What is 4112 (base 13) in base 7?
35105
What is -4411 (base 7) in base 10?
-1576
Convert -71e6 (base 16) to base 11.
-1a9a8
Convert -2d0 (base 14) to base 11.
-482
Convert -2180 (base 9) to base 5.
-22421
-211002 (base 4) to base 14
-c14
Convert -2c9 (base 14) to base 15.
-27e
Convert -10220222 (base 3) to base 8.
-5455
Convert -aaa (base 12) to base 13.
-93a
Convert 63a (base 13) to base 9.
1411
-110003 (base 4) to base 16
-503
1880 (base 9) to base 15
669
What is 11121222 (base 3) in base 16?
d2e
Convert 9b3 (base 15) to base 10.
2193
79 (base 16) to base 10
121
What is -8848 (base 11) in base 12?
-6904
Convert 4864 (base 15) to base 3.
210010011
Convert 110111101111010 (base 2) to base 15.
86c8
Convert -bb92 (base 16) to base 2.
-1011101110010010
What is 20111 (base 3) in base 16?
af
Convert -514536 (base 7) to base 12.
-42b80
What is 436 (base 13) in base 4?
23101
10220 (base 6) to base 4
111210
What is -150b4 (base 13) in base 12?
-1ab79
-6c8 (base 14) to base 6
-10132
What is aec (base 15) in base 13?
1182
What is 1031 (base